{"id":110,"date":"2016-02-24T22:11:15","date_gmt":"2016-02-24T22:11:15","guid":{"rendered":"http:\/\/www.epilepsiahoy.com\/site\/?page_id=110"},"modified":"2021-04-13T18:49:39","modified_gmt":"2021-04-13T18:49:39","slug":"viviendo-con-amor","status":"publish","type":"page","link":"http:\/\/www.epilepsiahoy.com\/site\/viviendo-con-amor\/","title":{"rendered":"Viviendo con amor"},"content":{"rendered":"<p class=\"body\">Traducci\u00f3n de testimonio enviado por el Cap\u00edtulo del Bur\u00f3 Internacional para la Epilepsia de Taiw\u00e1n.<\/p>\n<p class=\"body\" align=\"center\"><strong>Viviendo con amor<br \/>\n<\/strong>Por Gapin<\/p>\n<p class=\"body\">Yo jugaba el juego de \u201cLados derecho e izquierdo\u201d con mi hijo y su cabeza deb\u00eda voltear a la derecha o a la izquierda siguiendo nuestra voz, y sus peque\u00f1as manos se manten\u00edan balance\u00e1ndose activamente. Mi esposo gozaba observarnos. Nuestro dulce y satisfactorio hogar cubr\u00eda a todos los miembros de mi familia en la noche de verano.<\/p>\n<p class=\"body\">Hasta ahora, me hab\u00eda sentido siempre muy afortunada aunque no estoy del todo bien. Debido a la Epilepsia, tengo un profundo estigma en mi mente. Sin embargo, con el apoyo emocional de mis hermanos y hermanas y la actitud educacional de mis padres yo podr\u00eda olvidar el hecho de ser una paciente, excepto por los momentos en que tomo pastillas tres veces al d\u00eda. Ello me hace recordar que no estoy del todo bien. Cuando estuve lejos para estudiar, mis padres realmente se preocuparon por m\u00ed y mi madre sol\u00eda viajar para visitarme en las vacaciones de invierno y de verano. Todo ese tiempo lloraba en mi almohada por la nostalgia de mi hogar, pero tambi\u00e9n disfrutaba de mi estancia en los Estados Unidos, viajando por dondequiera. Durante esos tres a\u00f1os de lejan\u00eda me mantuve en contacto con mi m\u00e9dico. Con el uso regular de mi medicaci\u00f3n, participaba en todas las actividades de la universidad, trabaj\u00e9 para ganar dinero, \u00a0asist\u00eda todos los cursos escolares, viv\u00ed una vida normal y finalmente me gradu\u00e9 y regres\u00e9 a mi hogar en Taiwan.<\/p>\n<p class=\"body\">Fue realmente mi destino conocer a mi esposo. Aunque \u00e9l era uno de los estudiantes de las clases superiores cuando estaba en los Estados Unidos, nos enamoramos en Taiwan un a\u00f1o despu\u00e9s de que regresamos. Yo dud\u00e9 y me pregunt\u00e9 si deb\u00eda confesar mi epilepsia a \u00e9l o no. Antes de enamorarme profundamente de \u00e9l, decid\u00ed explicarle todos los detalles de mi enfermedad con el objeto de evitarle cualquier sufrimiento posterior. Le cont\u00e9 en detalle desde los ataques iniciales hasta las condiciones actuales de mi tratamiento. Un a\u00f1o despu\u00e9s nos casamos con muchas bendiciones de mi familia y amigos. \u201cTener un beb\u00e9\u201d se convirti\u00f3 en el t\u00f3pico principal de nuestras conversaciones. Nos preocupamos acerca de la posibilidad de herencia, los efectos de las drogas sobre el feto, etc. Me preguntaba su podr\u00eda o no ser madre, si el beb\u00e9 no estaba bien c\u00f3mo podr\u00edamos educarlo para estar bien en cuerpo y mente. Nuestra decisi\u00f3n final fue tener un beb\u00e9.<\/p>\n<p class=\"body\">Durante el periodo inicial del embarazo, mi mareo matutino me preocupaba por el posible efecto en el feto. Despu\u00e9s de tres meses empec\u00e9 a compartir mi felicidad con la gente. En la semana 33 tuve una amenaza de parto prematuro que me llev\u00f3 al hospital por tres d\u00edas de reposo absoluto. \u00a0Estaba emocionada por el nacimiento del beb\u00e9 pero tambi\u00e9n preocupada por los efectos de las drogas antiepil\u00e9pticas. Adem\u00e1s de los cuidados regulares del embarazo, solicit\u00e9 el examen ultrasonogr\u00e1fico del feto- Me calm\u00e9 mucho cuando el ginec\u00f3logo me dijo que el ultrasonido era normal. El estudio no mostr\u00f3 la cara, pero s\u00ed la peque\u00f1a mano con sus adorables cinco deditos movi\u00e9ndose hacia nosotros.<\/p>\n<p class=\"body\">Despu\u00e9s de un periodo de labor decidimos que se hiciera ces\u00e1rea. Mi esposo me apret\u00f3 la mano derecha con los ojos h\u00famedos. Mi madre tom\u00f3 mi mano izquierda y me dijo que no temiera, que rezar\u00eda por m\u00ed fuera del cuarto de labor. Mi padre estaba inquieto en casa. Mis hermanos y hermanas llamaban continuamente preguntando por m\u00ed. A las 5:58 de la tarde mi beb\u00e9 naci\u00f3. O\u00edr su llanto y ver su peque\u00f1o cuerpo fue muy conmovedor y feliz.<\/p>\n<p class=\"body\">El pediatra chec\u00f3 a mi beb\u00e9 y lo encontr\u00f3 normal por completo. Las felicitaciones de familiares y amigos me hicieron olvidar el dolor del parto. Mi madre empez\u00f3 a nutrirme cocinando algo de comida. Cada d\u00eda se quedaba conmigo hasta que mi esposo regresaba a casa de su trabajo. Empec\u00e9 a aprender a alimentar, vestir y ba\u00f1ar a mi beb\u00e9 como cualquier madre primeriza. Ahora tiene mes y medio, toma 180 cc de leche cada vez y algunas veces se queda despierto jugando con nosotros. Ha aprendido que el ba\u00f1o es muy divertido y motiva a cualquiera para jugar con \u00e9l. Como otros padres, solo esperamos que crezca bien y sano.<\/p>\n<p class=\"body\">Despu\u00e9s del parto tuve crisis por la tarde durante tres d\u00edas y recurrieron d\u00edas despu\u00e9s. Tras\u00a0discutirlo con mi doctor llegamos a la conclusi\u00f3n de que la dieta rica en prote\u00ednas podr\u00eda interferir con la absorci\u00f3n de las drogas antiepil\u00e9pticas. El cambio de horario me mantuvo libre de crisis. Como paciente, me di cuenta de que es una excelente idea consultar siempre al doctor.<\/p>\n<p class=\"body\">Despu\u00e9s de ser mam\u00e1 aprend\u00ed a cuidarme mejor a m\u00ed misma con la finalidad de cuidar mejor a mi beb\u00e9. Aprend\u00ed a tomar los altibajos de la vida como vienen.<\/p>\n","protected":false},"excerpt":{"rendered":"<p>Traducci\u00f3n de testimonio enviado por el Cap\u00edtulo del Bur\u00f3 Internacional para la Epilepsia de Taiw\u00e1n. Viviendo con amor Por Gapin Yo jugaba el juego de \u201cLados derecho e izquierdo\u201d con mi hijo y su cabeza deb\u00eda voltear a la derecha o a la izquierda siguiendo nuestra voz, y sus peque\u00f1as manos se manten\u00edan balance\u00e1ndose activamente. &hellip;<\/p>\n<p class=\"read-more\"> <a class=\"\" href=\"http:\/\/www.epilepsiahoy.com\/site\/viviendo-con-amor\/\"> <span class=\"screen-reader-text\">Viviendo con amor<\/span> Leer m\u00e1s &raquo;<\/a><\/p>\n","protected":false},"author":2,"featured_media":0,"parent":0,"menu_order":0,"comment_status":"closed","ping_status":"closed","template":"","meta":[],"_links":{"self":[{"href":"http:\/\/www.epilepsiahoy.com\/site\/wp-json\/wp\/v2\/pages\/110"}],"collection":[{"href":"http:\/\/www.epilepsiahoy.com\/site\/wp-json\/wp\/v2\/pages"}],"about":[{"href":"http:\/\/www.epilepsiahoy.com\/site\/wp-json\/wp\/v2\/types\/page"}],"author":[{"embeddable":true,"href":"http:\/\/www.epilepsiahoy.com\/site\/wp-json\/wp\/v2\/users\/2"}],"replies":[{"embeddable":true,"href":"http:\/\/www.epilepsiahoy.com\/site\/wp-json\/wp\/v2\/comments?post=110"}],"version-history":[{"count":3,"href":"http:\/\/www.epilepsiahoy.com\/site\/wp-json\/wp\/v2\/pages\/110\/revisions"}],"predecessor-version":[{"id":415,"href":"http:\/\/www.epilepsiahoy.com\/site\/wp-json\/wp\/v2\/pages\/110\/revisions\/415"}],"wp:attachment":[{"href":"http:\/\/www.epilepsiahoy.com\/site\/wp-json\/wp\/v2\/media?parent=110"}],"curies":[{"name":"wp","href":"https:\/\/api.w.org\/{rel}","templated":true}]}}