{"id":1106,"date":"2021-05-18T15:46:40","date_gmt":"2021-05-18T15:46:40","guid":{"rendered":"http:\/\/www.epilepsiahoy.com\/site\/?page_id=1106"},"modified":"2021-05-18T16:13:57","modified_gmt":"2021-05-18T16:13:57","slug":"dia-internacional-de-la-epilepsia-2021","status":"publish","type":"page","link":"http:\/\/www.epilepsiahoy.com\/site\/dia-internacional-de-la-epilepsia-2021\/","title":{"rendered":"D\u00eda Internacional de la epilepsia 2021"},"content":{"rendered":"\n<figure class=\"wp-block-image size-large\"><img loading=\"lazy\" width=\"1024\" height=\"394\" src=\"http:\/\/www.epilepsiahoy.com\/site\/wp-content\/uploads\/2016\/01\/kt_slide_02-1024x394.jpg\" alt=\"\" class=\"wp-image-79\" srcset=\"http:\/\/www.epilepsiahoy.com\/site\/wp-content\/uploads\/2016\/01\/kt_slide_02-1024x394.jpg 1024w, http:\/\/www.epilepsiahoy.com\/site\/wp-content\/uploads\/2016\/01\/kt_slide_02-300x115.jpg 300w, http:\/\/www.epilepsiahoy.com\/site\/wp-content\/uploads\/2016\/01\/kt_slide_02-768x295.jpg 768w, http:\/\/www.epilepsiahoy.com\/site\/wp-content\/uploads\/2016\/01\/kt_slide_02.jpg 1170w\" sizes=\"(max-width: 1024px) 100vw, 1024px\" \/><\/figure>\n\n\n\n<ul><li><strong><a rel=\"noreferrer noopener\" href=\"http:\/\/epilepsiahoy.com\/DiaMundialEpilepsia\/2021\/1Introduccion.pdf\" target=\"_blank\">D\u00eda de la Epilepsia &#8211; Introducci\u00f3n<\/a><\/strong><\/li><li><strong><a href=\"http:\/\/epilepsiahoy.com\/DiaMundialEpilepsia\/2021\/2Embarazo.pdf\" target=\"_blank\" rel=\"noreferrer noopener\">Embarazo, lactancia y sexualidad personas con Epilepsia<\/a><\/strong><\/li><li><strong><a href=\"http:\/\/epilepsiahoy.com\/DiaMundialEpilepsia\/2021\/3Estadoepileptico.pdf\" target=\"_blank\" rel=\"noreferrer noopener\">Estado epil\u00e9ptico<\/a><\/strong><\/li><li><strong><a href=\"http:\/\/epilepsiahoy.com\/DiaMundialEpilepsia\/2021\/4epilepsiariesgos.pdf\" target=\"_blank\" rel=\"noreferrer noopener\">Epilepsia riesgos y accidentes<\/a><\/strong><\/li><li><strong><a href=\"http:\/\/epilepsiahoy.com\/DiaMundialEpilepsia\/2021\/5Altspsiquiatricas.pdf\" target=\"_blank\" rel=\"noreferrer noopener\">Alts. psiqui\u00e1tricas en epilepsia<\/a><\/strong><\/li><li><strong><a href=\"http:\/\/epilepsiahoy.com\/DiaMundialEpilepsia\/2021\/6Higiene.pdf\" target=\"_blank\" rel=\"noreferrer noopener\">Higiene y Epilepsia<\/a><\/strong><\/li><li><strong><a href=\"http:\/\/epilepsiahoy.com\/DiaMundialEpilepsia\/2021\/7Otrasenfermedadesasociadas.pdf\" target=\"_blank\" rel=\"noreferrer noopener\">Otras enfermedades asociadas a la Epilepsia<\/a><\/strong><\/li><\/ul>\n","protected":false},"excerpt":{"rendered":"<p>D\u00eda de la Epilepsia &#8211; Introducci\u00f3n Embarazo, lactancia y sexualidad personas con Epilepsia Estado epil\u00e9ptico Epilepsia riesgos y accidentes Alts. psiqui\u00e1tricas en epilepsia Higiene y Epilepsia Otras enfermedades asociadas a la Epilepsia<\/p>\n","protected":false},"author":2,"featured_media":0,"parent":0,"menu_order":0,"comment_status":"closed","ping_status":"closed","template":"","meta":[],"_links":{"self":[{"href":"http:\/\/www.epilepsiahoy.com\/site\/wp-json\/wp\/v2\/pages\/1106"}],"collection":[{"href":"http:\/\/www.epilepsiahoy.com\/site\/wp-json\/wp\/v2\/pages"}],"about":[{"href":"http:\/\/www.epilepsiahoy.com\/site\/wp-json\/wp\/v2\/types\/page"}],"author":[{"embeddable":true,"href":"http:\/\/www.epilepsiahoy.com\/site\/wp-json\/wp\/v2\/users\/2"}],"replies":[{"embeddable":true,"href":"http:\/\/www.epilepsiahoy.com\/site\/wp-json\/wp\/v2\/comments?post=1106"}],"version-history":[{"count":9,"href":"http:\/\/www.epilepsiahoy.com\/site\/wp-json\/wp\/v2\/pages\/1106\/revisions"}],"predecessor-version":[{"id":1120,"href":"http:\/\/www.epilepsiahoy.com\/site\/wp-json\/wp\/v2\/pages\/1106\/revisions\/1120"}],"wp:attachment":[{"href":"http:\/\/www.epilepsiahoy.com\/site\/wp-json\/wp\/v2\/media?parent=1106"}],"curies":[{"name":"wp","href":"https:\/\/api.w.org\/{rel}","templated":true}]}}