{"id":118,"date":"2016-02-24T22:19:35","date_gmt":"2016-02-24T22:19:35","guid":{"rendered":"http:\/\/www.epilepsiahoy.com\/site\/?page_id=118"},"modified":"2021-04-13T18:48:27","modified_gmt":"2021-04-13T18:48:27","slug":"por-que-ocurre-la-epilepsia","status":"publish","type":"page","link":"http:\/\/www.epilepsiahoy.com\/site\/por-que-ocurre-la-epilepsia\/","title":{"rendered":"\u00bfPor qu\u00e9 ocurre la epilepsia?"},"content":{"rendered":"<p><span style=\"color: #000000; font-family: Arial;\">Es muy importante tratar de conocer en lo posible la causa de la epilepsia. Cuando definitivamente podemos demostrarla, le llamamos \u201cepilepsia secundaria\u201d, por ejemplo si se debe a un tumor cerebral o a una cicatriz por da\u00f1o al nacimiento; otras veces s\u00f3lo podemos intuir su origen como sucede en las epilepsias hereditarias, y en otras ocasiones a pesar de todos nuestros esfuerzos no logramos identificar el motivo de que ocurran (epilepsias primarias). Dependiendo de la edad del paciente, las causas de la epilepsia var\u00edan en frecuencia. En los primeros a\u00f1os de vida, la m\u00e1s frecuente se debe a problemas durante el embarazo, sobre todo en los momentos inmediatos previos al parto, durante el parto y en las primeras horas que siguen a \u00e9ste (per\u00edodo perinatal), la falta de oxigenaci\u00f3n suficiente en estos momentos, infecciones de la madre, medicamentos o radiaciones que haya recibido, pueden tener repercusiones en el beb\u00e9. Las malformaciones cerebrales, es decir, problemas en la formaci\u00f3n del cerebro durante el embarazo es otra causa de epilepsia en los primeros a\u00f1os de la vida. Los golpes, el paso del beb\u00e9 por el canal del parto muy dif\u00edcil, el uso de f\u00f3rceps, etc., pueden ocasionar tambi\u00e9n problemas. Algunas alteraciones en el metabolismo igualmente pueden provocar epilepsia y muchas veces si no son detectados a tiempo tambi\u00e9n repercuten en el desarrollo futuro. Las infecciones del cerebro, los traumas y los tumores son otra causa. Conforme avanza la edad, se vuelve diferente el orden en el que estos problemas causan la epilepsia; en los ni\u00f1os m\u00e1s grandes y adolescentes, las infecciones, las parasitosis en el cerebro (cisticercosis) y los traumas craneales se hacen mas importantes. En el adulto los traumas, el abuso de drogas y los tumores, son m\u00e1s frecuentes- En el anciano los problemas vasculares y los tumores.<\/span><\/p>\n<p><span style=\"color: #000000; font-family: Arial;\">Existen condiciones en las que una persona puede tener una crisis sin que realmente sea epil\u00e9ptico, por ejemplo los ni\u00f1os entre los seis meses y los cinco a\u00f1os, pueden presentar crisis cuando tienen fiebre (crisis febriles). En otras ocasiones, puede haber una crisis \u00fanica, cuando se presenta una baja brusca de az\u00facar, o una intoxicaci\u00f3n por alcohol. Aqu\u00ed solamente se debe tratar la causa que la motiv\u00f3 es lo m\u00e1s importante.<\/span><\/p>\n<p><span style=\"color: #000000; font-family: Arial;\">Algunas formas de epilepsia tienen un factor hereditario, como las crisis de ausencia, y las crisis miocl\u00f3nicas del adolescente; otras est\u00e1n desligadas de la herencia y se deben a problemas adquiridos como una infecci\u00f3n, un par\u00e1sito o un golpe severo.<\/span><\/p>\n<p><span style=\"color: #000000; font-family: Arial;\">Cuando una persona presenta una crisis por primera vez, debe acudir al m\u00e9dico a la brevedad, para que \u00e9ste determine la causa posible de \u00e9sta, y act\u00fae en consecuencia, as\u00ed como seg\u00fan sea el caso administre medicamentos para evitar que las crisis se repitan. El m\u00e9dico revisar\u00e1 al enfermo, muy probablemente ordenar\u00e1 estudios, y seg\u00fan la edad, y las caracter\u00edsticas de las crisis, realizar\u00e1 estudios de imagen, como la tomografia de cr\u00e1neo, o la resonancia magn\u00e9tica. Casi en todos los casos solicitar\u00e1 un estudio de electroencefalograma, y si sospecha que la causa del problema sea una infecci\u00f3n del sistema nervioso har\u00e1 estudios del liquido cefalorraqu\u00eddeo. Si se identifica una causa espec\u00edfica de las mismas se dar\u00e1 tratamiento espec\u00edfico por ejemplo, si es un tumor que se pueda operar, se intervendr\u00e1 al paciente, o si se trata de un cisticerco vivo, se dar\u00e1 tratamiento que lo destruya. Seg\u00fan el caso, se requerir\u00e1 tambi\u00e9n de tratamiento antiepil\u00b4peitico independientemente de la causa.<\/span><\/p>\n","protected":false},"excerpt":{"rendered":"<p>Es muy importante tratar de conocer en lo posible la causa de la epilepsia. Cuando definitivamente podemos demostrarla, le llamamos \u201cepilepsia secundaria\u201d, por ejemplo si se debe a un tumor cerebral o a una cicatriz por da\u00f1o al nacimiento; otras veces s\u00f3lo podemos intuir su origen como sucede en las epilepsias hereditarias, y en otras &hellip;<\/p>\n<p class=\"read-more\"> <a class=\"\" href=\"http:\/\/www.epilepsiahoy.com\/site\/por-que-ocurre-la-epilepsia\/\"> <span class=\"screen-reader-text\">\u00bfPor qu\u00e9 ocurre la epilepsia?<\/span> Leer m\u00e1s &raquo;<\/a><\/p>\n","protected":false},"author":2,"featured_media":0,"parent":0,"menu_order":0,"comment_status":"closed","ping_status":"closed","template":"","meta":[],"_links":{"self":[{"href":"http:\/\/www.epilepsiahoy.com\/site\/wp-json\/wp\/v2\/pages\/118"}],"collection":[{"href":"http:\/\/www.epilepsiahoy.com\/site\/wp-json\/wp\/v2\/pages"}],"about":[{"href":"http:\/\/www.epilepsiahoy.com\/site\/wp-json\/wp\/v2\/types\/page"}],"author":[{"embeddable":true,"href":"http:\/\/www.epilepsiahoy.com\/site\/wp-json\/wp\/v2\/users\/2"}],"replies":[{"embeddable":true,"href":"http:\/\/www.epilepsiahoy.com\/site\/wp-json\/wp\/v2\/comments?post=118"}],"version-history":[{"count":2,"href":"http:\/\/www.epilepsiahoy.com\/site\/wp-json\/wp\/v2\/pages\/118\/revisions"}],"predecessor-version":[{"id":123,"href":"http:\/\/www.epilepsiahoy.com\/site\/wp-json\/wp\/v2\/pages\/118\/revisions\/123"}],"wp:attachment":[{"href":"http:\/\/www.epilepsiahoy.com\/site\/wp-json\/wp\/v2\/media?parent=118"}],"curies":[{"name":"wp","href":"https:\/\/api.w.org\/{rel}","templated":true}]}}