{"id":437,"date":"2016-04-11T16:06:32","date_gmt":"2016-04-11T16:06:32","guid":{"rendered":"http:\/\/www.epilepsiahoy.com\/site\/?page_id=437"},"modified":"2021-04-13T18:48:58","modified_gmt":"2021-04-13T18:48:58","slug":"congresos-del-capitulo-mexicano-del-ibe","status":"publish","type":"page","link":"http:\/\/www.epilepsiahoy.com\/site\/congresos-del-capitulo-mexicano-del-ibe\/","title":{"rendered":"Congresos del Cap\u00edtulo Mexicano del IBE"},"content":{"rendered":"<p>Los congresos son reuniones peri\u00f3dicas de varios d\u00edas donde los asistentes encuentran informaci\u00f3n actualizada y diversa sobre el tema de inter\u00e9s, en nuestro caso, la Epilepsia.<\/p>\n<p>&nbsp;<\/p>\n<p>CONGRESOS DEL CAP\u00cdTULO MEXICANO DEL IBE:<\/p>\n<p>Se llevan a cabo habitualmente cada 2 a\u00f1os, con la finalidad de conjuntar la presencia de los grupos de apoyo que se encuentran en otras ciudades y revisar alg\u00fan aspecto especial de la Epilepsia. As\u00ed, hemos realizado los siguientes Congresos del Cap\u00edtulo Mexicano del Bur\u00f3 Internacional para la Epilepsia (IBE):<\/p>\n<p>&nbsp;<\/p>\n<p>I \u00a0 \u00a0 \u00a0 \u00a0 \u00a02005\u00a0\u00a0 Le\u00f3n, Gto.<\/p>\n<p>II\u00a0\u00a0\u00a0\u00a0\u00a0\u00a0\u00a0\u00a0 2007\u00a0\u00a0 Guadalajara<\/p>\n<p>III\u00a0\u00a0\u00a0\u00a0\u00a0\u00a0\u00a0 2009\u00a0\u00a0 San Luis Potos\u00ed, SLP<\/p>\n<p>IV\u00a0\u00a0\u00a0\u00a0\u00a0\u00a0\u00a0 2010\u00a0\u00a0 Quer\u00e9taro<\/p>\n<p>V \u00a0 \u00a0 \u00a0 \u00a0 2011\u00a0\u00a0 Guadalajara<\/p>\n<p>VI\u00a0\u00a0\u00a0\u00a0\u00a0\u00a0\u00a0 2013\u00a0\u00a0 Cd. De M\u00e9xico (Palacio de Medicina)<\/p>\n<p>VII\u00a0\u00a0\u00a0\u00a0\u00a0\u00a0 2015\u00a0\u00a0 Cd. De M\u00e9xico (CMN 20 de Noviembre)<\/p>\n<p>&nbsp;<\/p>\n<p>Las memorias de cada uno, que incluyen el programa y las presentaciones de cada congreso se pueden abrir haciendo click en el cartel que identifica el congreso correspondiente.<\/p>\n<p style=\"text-align: center;\"><strong>2015<\/strong><\/p>\n<p style=\"text-align: center;\"><a href=\"http:\/\/www.epilepsiahoy.com\/site\/capitulo-mexicano-del-ibe2015\/\"><img loading=\"lazy\" class=\"aligncenter wp-image-464 size-medium\" src=\"http:\/\/www.epilepsiahoy.com\/site\/wp-content\/uploads\/2016\/04\/Cartel-2015-217x300.png\" alt=\"Cartel 2015\" width=\"217\" height=\"300\" \/><\/a><\/p>\n","protected":false},"excerpt":{"rendered":"<p>Los congresos son reuniones peri\u00f3dicas de varios d\u00edas donde los asistentes encuentran informaci\u00f3n actualizada y diversa sobre el tema de inter\u00e9s, en nuestro caso, la Epilepsia. &nbsp; CONGRESOS DEL CAP\u00cdTULO MEXICANO DEL IBE: Se llevan a cabo habitualmente cada 2 a\u00f1os, con la finalidad de conjuntar la presencia de los grupos de apoyo que se &hellip;<\/p>\n<p class=\"read-more\"> <a class=\"\" href=\"http:\/\/www.epilepsiahoy.com\/site\/congresos-del-capitulo-mexicano-del-ibe\/\"> <span class=\"screen-reader-text\">Congresos del Cap\u00edtulo Mexicano del IBE<\/span> Leer m\u00e1s &raquo;<\/a><\/p>\n","protected":false},"author":2,"featured_media":0,"parent":0,"menu_order":0,"comment_status":"closed","ping_status":"closed","template":"","meta":[],"_links":{"self":[{"href":"http:\/\/www.epilepsiahoy.com\/site\/wp-json\/wp\/v2\/pages\/437"}],"collection":[{"href":"http:\/\/www.epilepsiahoy.com\/site\/wp-json\/wp\/v2\/pages"}],"about":[{"href":"http:\/\/www.epilepsiahoy.com\/site\/wp-json\/wp\/v2\/types\/page"}],"author":[{"embeddable":true,"href":"http:\/\/www.epilepsiahoy.com\/site\/wp-json\/wp\/v2\/users\/2"}],"replies":[{"embeddable":true,"href":"http:\/\/www.epilepsiahoy.com\/site\/wp-json\/wp\/v2\/comments?post=437"}],"version-history":[{"count":7,"href":"http:\/\/www.epilepsiahoy.com\/site\/wp-json\/wp\/v2\/pages\/437\/revisions"}],"predecessor-version":[{"id":467,"href":"http:\/\/www.epilepsiahoy.com\/site\/wp-json\/wp\/v2\/pages\/437\/revisions\/467"}],"wp:attachment":[{"href":"http:\/\/www.epilepsiahoy.com\/site\/wp-json\/wp\/v2\/media?parent=437"}],"curies":[{"name":"wp","href":"https:\/\/api.w.org\/{rel}","templated":true}]}}