{"id":563,"date":"2016-04-19T17:14:35","date_gmt":"2016-04-19T17:14:35","guid":{"rendered":"http:\/\/www.epilepsiahoy.com\/site\/?page_id=563"},"modified":"2021-04-13T18:48:28","modified_gmt":"2021-04-13T18:48:28","slug":"chihuahua","status":"publish","type":"page","link":"http:\/\/www.epilepsiahoy.com\/site\/chihuahua\/","title":{"rendered":"Chihuahua"},"content":{"rendered":"<p class=\"p1\"><span class=\"s1\">Mesa directiva de la asociaci\u00f3n \u201cLuz y Esperanza para la Epilepsia, A.C.\u201d<\/span><\/p>\n<p class=\"p1\"><span class=\"s1\">Petrula Ruvalcaba Papad\u00f3pulos, Presidenta: <a href=\"mailto:petrula2004@hotmail.com\"><span class=\"s2\">petrula2004@hotmail.com<\/span><\/a><\/span><\/p>\n<p class=\"p1\"><span class=\"s1\">Ruth Arrazate, consejera: <a href=\"mailto:rutharrazate@hotmail.com\"><span class=\"s2\">rutharrazate@hotmail.com<\/span><\/a><\/span><\/p>\n<p class=\"p1\"><span class=\"s1\">Nohem\u00ed Fuentes Prieto, consejera: <a href=\"mailto:fupe6809@gmail.com\"><span class=\"s2\">fupe6809@gmail.com<\/span><\/a><\/span><\/p>\n<p class=\"p1\"><span class=\"s1\">Pen\u00e9lope Fierro Ruvalcaba, consejera: <a href=\"mailto:eutifrona@gmail.com\"><span class=\"s2\">eutifrona@gmail.com<\/span><\/a><\/span><\/p>\n<p class=\"p1\"><span class=\"s1\">Manuel C Porras-Betancourt, Asesor M\u00e9dico:\u00a0<a href=\"mailto:mc_pbet@yahoo.com.mx\"><span class=\"s2\">mc_pbet@yahoo.com.mx<\/span><\/a><\/span><\/p>\n<p class=\"p1\"><span class=\"s3\"><a href=\"https:\/\/www.facebook.com\/luzyesperanzaac\/?fref=ts\" target=\"_blank\" rel=\"noopener\">P\u00e1gina en Facebook<\/a><\/span><\/p>\n","protected":false},"excerpt":{"rendered":"<p>Mesa directiva de la asociaci\u00f3n \u201cLuz y Esperanza para la Epilepsia, A.C.\u201d Petrula Ruvalcaba Papad\u00f3pulos, Presidenta: petrula2004@hotmail.com Ruth Arrazate, consejera: rutharrazate@hotmail.com Nohem\u00ed Fuentes Prieto, consejera: fupe6809@gmail.com Pen\u00e9lope Fierro Ruvalcaba, consejera: eutifrona@gmail.com Manuel C Porras-Betancourt, Asesor M\u00e9dico:\u00a0mc_pbet@yahoo.com.mx P\u00e1gina en Facebook<\/p>\n","protected":false},"author":2,"featured_media":0,"parent":0,"menu_order":0,"comment_status":"closed","ping_status":"closed","template":"","meta":[],"_links":{"self":[{"href":"http:\/\/www.epilepsiahoy.com\/site\/wp-json\/wp\/v2\/pages\/563"}],"collection":[{"href":"http:\/\/www.epilepsiahoy.com\/site\/wp-json\/wp\/v2\/pages"}],"about":[{"href":"http:\/\/www.epilepsiahoy.com\/site\/wp-json\/wp\/v2\/types\/page"}],"author":[{"embeddable":true,"href":"http:\/\/www.epilepsiahoy.com\/site\/wp-json\/wp\/v2\/users\/2"}],"replies":[{"embeddable":true,"href":"http:\/\/www.epilepsiahoy.com\/site\/wp-json\/wp\/v2\/comments?post=563"}],"version-history":[{"count":7,"href":"http:\/\/www.epilepsiahoy.com\/site\/wp-json\/wp\/v2\/pages\/563\/revisions"}],"predecessor-version":[{"id":770,"href":"http:\/\/www.epilepsiahoy.com\/site\/wp-json\/wp\/v2\/pages\/563\/revisions\/770"}],"wp:attachment":[{"href":"http:\/\/www.epilepsiahoy.com\/site\/wp-json\/wp\/v2\/media?parent=563"}],"curies":[{"name":"wp","href":"https:\/\/api.w.org\/{rel}","templated":true}]}}