{"id":797,"date":"2021-04-13T19:11:16","date_gmt":"2021-04-13T19:11:16","guid":{"rendered":"http:\/\/www.epilepsiahoy.com\/site\/?page_id=797"},"modified":"2026-03-11T16:39:06","modified_gmt":"2026-03-11T16:39:06","slug":"portada","status":"publish","type":"page","link":"http:\/\/www.epilepsiahoy.com\/site\/","title":{"rendered":"Portada"},"content":{"rendered":"\t\t<div data-elementor-type=\"wp-page\" data-elementor-id=\"797\" class=\"elementor elementor-797\">\n\t\t\t\t\t\t\t\t\t<section class=\"elementor-section elementor-top-section elementor-element elementor-element-18b835a9 elementor-section-content-middle elementor-section-boxed elementor-section-height-default elementor-section-height-default\" data-id=\"18b835a9\" data-element_type=\"section\">\n\t\t\t\t\t\t<div class=\"elementor-container elementor-column-gap-default\">\n\t\t\t\t\t<div class=\"elementor-column elementor-col-50 elementor-top-column elementor-element elementor-element-34dde84d\" data-id=\"34dde84d\" data-element_type=\"column\">\n\t\t\t<div class=\"elementor-widget-wrap elementor-element-populated\">\n\t\t\t\t\t\t\t\t<div class=\"elementor-element elementor-element-4b1d116a elementor-widget elementor-widget-heading\" data-id=\"4b1d116a\" data-element_type=\"widget\" data-widget_type=\"heading.default\">\n\t\t\t\t<div class=\"elementor-widget-container\">\n\t\t\t<h2 class=\"elementor-heading-title elementor-size-small\">\u00a1Cumplimos 30 a\u00f1os!<br>Grupo Aceptaci\u00f3n de Epilepsia<br>\nCap\u00edtulo Mexicano del IBE<\/h2>\t\t<\/div>\n\t\t\t\t<\/div>\n\t\t\t\t<div class=\"elementor-element elementor-element-68267d47 elementor-widget elementor-widget-text-editor\" data-id=\"68267d47\" data-element_type=\"widget\" data-widget_type=\"text-editor.default\">\n\t\t\t\t<div class=\"elementor-widget-container\">\n\t\t\t\t\t\t\t<p>Agradecemos a las numerosas personas que han colaborado voluntaria y desinteresadamente con GADEP durante sus 30 a\u00f1os de existencia, sin cuya participaci\u00f3n no habr\u00eda sido posible llegar a este Aniversario.\u00a0<\/p><p>Les invitamos a conocer nuestra historia, las actividades realizadas a lo largo de estos a\u00f1os y a buscar informaci\u00f3n en nuestra p\u00e1gina, para aclarar sus dudas y preguntar lo que deseen para entender y enfrentar mejor su epilepsia, que es la finalidad de esta Asociaci\u00f3n. \u00a0<\/p>\t\t\t\t\t\t<\/div>\n\t\t\t\t<\/div>\n\t\t\t\t<div class=\"elementor-element elementor-element-6d82f03b elementor-align-left elementor-widget elementor-widget-button\" data-id=\"6d82f03b\" data-element_type=\"widget\" data-widget_type=\"button.default\">\n\t\t\t\t<div class=\"elementor-widget-container\">\n\t\t\t\t\t<div class=\"elementor-button-wrapper\">\n\t\t\t<a href=\"http:\/\/www.epilepsiahoy.com\/site\/historia-de-gadep\/\" class=\"elementor-button-link elementor-button elementor-size-md\" role=\"button\">\n\t\t\t\t\t\t<span class=\"elementor-button-content-wrapper\">\n\t\t\t\t\t\t\t<span class=\"elementor-button-icon elementor-align-icon-right\">\n\t\t\t\t<i aria-hidden=\"true\" class=\"fas fa-long-arrow-alt-right\"><\/i>\t\t\t<\/span>\n\t\t\t\t\t\t<span class=\"elementor-button-text\">conozca m\u00e1s<\/span>\n\t\t<\/span>\n\t\t\t\t\t<\/a>\n\t\t<\/div>\n\t\t\t\t<\/div>\n\t\t\t\t<\/div>\n\t\t\t\t\t<\/div>\n\t\t<\/div>\n\t\t\t\t<div class=\"elementor-column elementor-col-50 elementor-top-column elementor-element elementor-element-178c15e\" data-id=\"178c15e\" data-element_type=\"column\">\n\t\t\t<div class=\"elementor-widget-wrap elementor-element-populated\">\n\t\t\t\t\t\t\t\t<div class=\"elementor-element elementor-element-1b1dfbf8 animated-slow elementor-invisible elementor-widget elementor-widget-image\" data-id=\"1b1dfbf8\" data-element_type=\"widget\" data-settings=\"{&quot;_animation&quot;:&quot;slideInRight&quot;}\" data-widget_type=\"image.default\">\n\t\t\t\t<div class=\"elementor-widget-container\">\n\t\t\t\t\t\t\t\t\t\t\t\t\t\t\t<img width=\"1024\" height=\"1024\" src=\"http:\/\/www.epilepsiahoy.com\/site\/wp-content\/uploads\/2021\/04\/grupo_Epilepsia_dr_logo-1024x1024.png\" class=\"attachment-large size-large\" alt=\"\" loading=\"lazy\" srcset=\"http:\/\/www.epilepsiahoy.com\/site\/wp-content\/uploads\/2021\/04\/grupo_Epilepsia_dr_logo.png 1024w, http:\/\/www.epilepsiahoy.com\/site\/wp-content\/uploads\/2021\/04\/grupo_Epilepsia_dr_logo-300x300.png 300w, http:\/\/www.epilepsiahoy.com\/site\/wp-content\/uploads\/2021\/04\/grupo_Epilepsia_dr_logo-150x150.png 150w, http:\/\/www.epilepsiahoy.com\/site\/wp-content\/uploads\/2021\/04\/grupo_Epilepsia_dr_logo-768x768.png 768w\" sizes=\"(max-width: 1024px) 100vw, 1024px\" \/>\t\t\t\t\t\t\t\t\t\t\t\t\t\t\t<\/div>\n\t\t\t\t<\/div>\n\t\t\t\t\t<\/div>\n\t\t<\/div>\n\t\t\t\t\t\t\t<\/div>\n\t\t<\/section>\n\t\t\t\t<section class=\"elementor-section elementor-top-section elementor-element elementor-element-64fdb8c elementor-section-boxed elementor-section-height-default elementor-section-height-default\" data-id=\"64fdb8c\" data-element_type=\"section\" data-settings=\"{&quot;background_background&quot;:&quot;classic&quot;}\">\n\t\t\t\t\t\t<div class=\"elementor-container elementor-column-gap-default\">\n\t\t\t\t\t<div class=\"elementor-column elementor-col-33 elementor-top-column elementor-element elementor-element-77d4045\" data-id=\"77d4045\" data-element_type=\"column\">\n\t\t\t<div class=\"elementor-widget-wrap elementor-element-populated\">\n\t\t\t\t\t\t\t\t<div class=\"elementor-element elementor-element-2d25c17 elementor-invisible elementor-widget elementor-widget-image\" data-id=\"2d25c17\" data-element_type=\"widget\" data-settings=\"{&quot;_animation&quot;:&quot;fadeIn&quot;}\" data-widget_type=\"image.default\">\n\t\t\t\t<div class=\"elementor-widget-container\">\n\t\t\t\t\t\t\t\t\t\t\t\t\t\t\t\t<a href=\"http:\/\/www.epilepsiahoy.com\/site\/historia-de-gadep\/\">\n\t\t\t\t\t\t\t<img width=\"300\" height=\"512\" src=\"http:\/\/www.epilepsiahoy.com\/site\/wp-content\/uploads\/2021\/04\/logo30anios.jpg\" class=\"attachment-large size-large\" alt=\"\" loading=\"lazy\" srcset=\"http:\/\/www.epilepsiahoy.com\/site\/wp-content\/uploads\/2021\/04\/logo30anios.jpg 300w, http:\/\/www.epilepsiahoy.com\/site\/wp-content\/uploads\/2021\/04\/logo30anios-176x300.jpg 176w\" sizes=\"(max-width: 300px) 100vw, 300px\" \/>\t\t\t\t\t\t\t\t<\/a>\n\t\t\t\t\t\t\t\t\t\t\t\t\t\t\t<\/div>\n\t\t\t\t<\/div>\n\t\t\t\t\t<\/div>\n\t\t<\/div>\n\t\t\t\t<div class=\"elementor-column elementor-col-33 elementor-top-column elementor-element elementor-element-447652a\" data-id=\"447652a\" data-element_type=\"column\">\n\t\t\t<div class=\"elementor-widget-wrap elementor-element-populated\">\n\t\t\t\t\t\t\t\t<div class=\"elementor-element elementor-element-e5dc9e3 elementor-invisible elementor-widget elementor-widget-image\" data-id=\"e5dc9e3\" data-element_type=\"widget\" data-settings=\"{&quot;_animation&quot;:&quot;fadeIn&quot;}\" data-widget_type=\"image.default\">\n\t\t\t\t<div class=\"elementor-widget-container\">\n\t\t\t\t\t\t\t\t\t\t\t\t\t\t\t\t<a href=\"http:\/\/epilepsiahoy.com\/Avisos\/COVID_EPILEPSIA.pdf\" target=\"_blank\">\n\t\t\t\t\t\t\t<img width=\"300\" height=\"512\" src=\"http:\/\/www.epilepsiahoy.com\/site\/wp-content\/uploads\/2021\/04\/epilepsiaycovid.jpg\" class=\"attachment-large size-large\" alt=\"\" loading=\"lazy\" srcset=\"http:\/\/www.epilepsiahoy.com\/site\/wp-content\/uploads\/2021\/04\/epilepsiaycovid.jpg 300w, http:\/\/www.epilepsiahoy.com\/site\/wp-content\/uploads\/2021\/04\/epilepsiaycovid-176x300.jpg 176w\" sizes=\"(max-width: 300px) 100vw, 300px\" \/>\t\t\t\t\t\t\t\t<\/a>\n\t\t\t\t\t\t\t\t\t\t\t\t\t\t\t<\/div>\n\t\t\t\t<\/div>\n\t\t\t\t\t<\/div>\n\t\t<\/div>\n\t\t\t\t<div class=\"elementor-column elementor-col-33 elementor-top-column elementor-element elementor-element-d16e29c\" data-id=\"d16e29c\" data-element_type=\"column\">\n\t\t\t<div class=\"elementor-widget-wrap elementor-element-populated\">\n\t\t\t\t\t\t\t\t<div class=\"elementor-element elementor-element-7ad6916 elementor-invisible elementor-widget elementor-widget-image\" data-id=\"7ad6916\" data-element_type=\"widget\" data-settings=\"{&quot;_animation&quot;:&quot;fadeIn&quot;}\" data-widget_type=\"image.default\">\n\t\t\t\t<div class=\"elementor-widget-container\">\n\t\t\t\t\t\t\t\t\t\t\t\t\t\t\t\t<a href=\"http:\/\/www.epilepsiahoy.com\/\/Libro\/La%20Epilepsia%20al%20alcance%20de%20todos%20FINAL.pdf\" target=\"_blank\">\n\t\t\t\t\t\t\t<img width=\"300\" height=\"512\" src=\"http:\/\/www.epilepsiahoy.com\/site\/wp-content\/uploads\/2021\/04\/libro-epilepsia.jpg\" class=\"attachment-large size-large\" alt=\"\" loading=\"lazy\" srcset=\"http:\/\/www.epilepsiahoy.com\/site\/wp-content\/uploads\/2021\/04\/libro-epilepsia.jpg 300w, http:\/\/www.epilepsiahoy.com\/site\/wp-content\/uploads\/2021\/04\/libro-epilepsia-176x300.jpg 176w\" sizes=\"(max-width: 300px) 100vw, 300px\" \/>\t\t\t\t\t\t\t\t<\/a>\n\t\t\t\t\t\t\t\t\t\t\t\t\t\t\t<\/div>\n\t\t\t\t<\/div>\n\t\t\t\t\t<\/div>\n\t\t<\/div>\n\t\t\t\t\t\t\t<\/div>\n\t\t<\/section>\n\t\t\t\t<section class=\"elementor-section elementor-top-section elementor-element elementor-element-6d916ca2 elementor-section-height-min-height elementor-section-boxed elementor-section-height-default elementor-section-items-middle\" data-id=\"6d916ca2\" data-element_type=\"section\" data-settings=\"{&quot;background_background&quot;:&quot;video&quot;,&quot;background_video_link&quot;:&quot;https:\\\/\\\/youtu.be\\\/WUs_jhvq398&quot;,&quot;background_video_start&quot;:9,&quot;background_video_end&quot;:17,&quot;background_play_on_mobile&quot;:&quot;yes&quot;}\">\n\t\t\t\t\t\t\t\t<div class=\"elementor-background-video-container\">\n\t\t\t\t\t\t\t\t\t\t\t\t\t<div class=\"elementor-background-video-embed\"><\/div>\n\t\t\t\t\t\t\t\t\t\t\t\t<\/div>\n\t\t\t\t\t\t\t\t\t<div class=\"elementor-background-overlay\"><\/div>\n\t\t\t\t\t\t\t<div class=\"elementor-container elementor-column-gap-default\">\n\t\t\t\t\t<div class=\"elementor-column elementor-col-100 elementor-top-column elementor-element elementor-element-7de658c7\" data-id=\"7de658c7\" data-element_type=\"column\">\n\t\t\t<div class=\"elementor-widget-wrap elementor-element-populated\">\n\t\t\t\t\t\t\t\t<div class=\"elementor-element elementor-element-72c04a24 elementor-widget elementor-widget-text-editor\" data-id=\"72c04a24\" data-element_type=\"widget\" data-widget_type=\"text-editor.default\">\n\t\t\t\t<div class=\"elementor-widget-container\">\n\t\t\t\t\t\t\t\t\t\t\t\t\t<\/div>\n\t\t\t\t<\/div>\n\t\t\t\t<div class=\"elementor-element elementor-element-6d71b9c7 elementor-align-right elementor-widget elementor-widget-button\" data-id=\"6d71b9c7\" data-element_type=\"widget\" data-widget_type=\"button.default\">\n\t\t\t\t<div class=\"elementor-widget-container\">\n\t\t\t\t\t<div class=\"elementor-button-wrapper\">\n\t\t\t<a href=\"\/site\/grupos-de-autoayuda\/\" class=\"elementor-button-link elementor-button elementor-size-xs\" role=\"button\">\n\t\t\t\t\t\t<span class=\"elementor-button-content-wrapper\">\n\t\t\t\t\t\t\t<span class=\"elementor-button-icon elementor-align-icon-right\">\n\t\t\t\t\t\t\t<\/span>\n\t\t\t\t\t\t<span class=\"elementor-button-text\">conozca m\u00e1s<\/span>\n\t\t<\/span>\n\t\t\t\t\t<\/a>\n\t\t<\/div>\n\t\t\t\t<\/div>\n\t\t\t\t<\/div>\n\t\t\t\t\t<\/div>\n\t\t<\/div>\n\t\t\t\t\t\t\t<\/div>\n\t\t<\/section>\n\t\t\t\t<section class=\"elementor-section elementor-top-section elementor-element elementor-element-50e9c186 elementor-section-boxed elementor-section-height-default elementor-section-height-default\" data-id=\"50e9c186\" data-element_type=\"section\">\n\t\t\t\t\t\t<div class=\"elementor-container elementor-column-gap-default\">\n\t\t\t\t\t<div class=\"elementor-column elementor-col-50 elementor-top-column elementor-element elementor-element-3d7ae3e9\" data-id=\"3d7ae3e9\" data-element_type=\"column\">\n\t\t\t<div class=\"elementor-widget-wrap elementor-element-populated\">\n\t\t\t\t\t\t\t\t<div class=\"elementor-element elementor-element-3f643954 elementor-widget elementor-widget-image\" data-id=\"3f643954\" data-element_type=\"widget\" data-widget_type=\"image.default\">\n\t\t\t\t<div class=\"elementor-widget-container\">\n\t\t\t\t\t\t\t\t\t\t\t\t\t\t\t<img width=\"95\" height=\"102\" src=\"http:\/\/www.epilepsiahoy.com\/site\/wp-content\/uploads\/2021\/04\/DraNunez.jpg\" class=\"attachment-large size-large\" alt=\"\" loading=\"lazy\" \/>\t\t\t\t\t\t\t\t\t\t\t\t\t\t\t<\/div>\n\t\t\t\t<\/div>\n\t\t\t\t\t<\/div>\n\t\t<\/div>\n\t\t\t\t<div class=\"elementor-column elementor-col-50 elementor-top-column elementor-element elementor-element-2f55192\" data-id=\"2f55192\" data-element_type=\"column\">\n\t\t\t<div class=\"elementor-widget-wrap elementor-element-populated\">\n\t\t\t\t\t\t\t\t<div class=\"elementor-element elementor-element-99f6679 elementor-widget elementor-widget-heading\" data-id=\"99f6679\" data-element_type=\"widget\" data-widget_type=\"heading.default\">\n\t\t\t\t<div class=\"elementor-widget-container\">\n\t\t\t<h2 class=\"elementor-heading-title elementor-size-default\">Dra. Lilia N\u00fa\u00f1ez Orozco<\/h2>\t\t<\/div>\n\t\t\t\t<\/div>\n\t\t\t\t<div class=\"elementor-element elementor-element-2b4deeff elementor-widget elementor-widget-text-editor\" data-id=\"2b4deeff\" data-element_type=\"widget\" data-widget_type=\"text-editor.default\">\n\t\t\t\t<div class=\"elementor-widget-container\">\n\t\t\t\t\t\t\t<ul><li>Egresada de la Facultad de Medicina de la Universidad Nacional Aut\u00f3noma de M\u00e9xico (UNAM) en 1974. Residencia de Neurolog\u00eda en el Instituto Nacional de Neurolog\u00eda de la Secretar\u00eda de Salud 1977-1980. Adscrita al servicio de Neurolog\u00eda del Centro M\u00e9dico Nacional \u201c20 de Noviembre\u201d 1980-1989.\u00a0 Jefe del Servicio de Neurolog\u00eda desde 1989.<\/li><li>Profesora del Posgrado de Neurolog\u00eda en el Centro M\u00e9dico Nacional \u201c20 de Noviembre\u201d, curso avalado por la Divisi\u00f3n de Estudios Superiores de la\u00a0 Facultad\u00a0 de Medicina\u00a0 de la UNAM desde 1990. Profesora de Neurolog\u00eda en la Escuela de Medicina del Westhill Institute 2002-2015. Profesora Titular de Neurolog\u00eda en la Escuela Superior de Medicina del Instituto Polit\u00e9cnico Nacional desde 2015<\/li><li>Profesora titular en m\u00e1s de 50 cursos de Educaci\u00f3n M\u00e9dica Continua sobre diferentes\u00a0 t\u00f3picos neurol\u00f3gicos y profesora invitada en m\u00e1s de 150 cursos y congresos.<\/li><li>Publicaci\u00f3n de m\u00e1s de 20 cap\u00edtulos sobre diferentes temas neurol\u00f3gicos en libros de Medicina Interna, Farmacolog\u00eda y Neurolog\u00eda y m\u00e1s de 120 art\u00edculos cient\u00edficos.<\/li><li>Coautora del libro Diagramas de Decisi\u00f3n M\u00e9dica y editora del libro <em>El manejo integral de los pacientes con esclerosis m\u00faltiple<\/em> (2003) y del libro <em>Epilepsia: un enfoque pr\u00e1ctico<\/em> (2008), as\u00ed como del libro <em>La Epilepsia al alcance de todos<\/em> (2014).\u00a0 Editora Fundadora y Editora en Jefe de la <em>Revista Mexicana de Neurociencia<\/em>, \u00f3rgano oficial de la Academia Mexicana de Neurolog\u00eda 1999-2010.<\/li><li>Miembro activo de la Academia Mexicana de Neurolog\u00eda desde 1980 y miembro em\u00e9rito desde 2010. Miembro de la Sociedad M\u00e9dica de M\u00e9dica Sur desde 1985. Presidenta de la Academia Mexicana de Neurolog\u00eda 2000-2002, Tesorera del Consejo Mexicano de Neurolog\u00eda 1998-2004, Presidenta del Consejo Mexicano de Neurolog\u00eda 2004-2006; Presidenta de la Sociedad M\u00e9dica del CMN 20 de Noviembre 2007-2009, Miembro activo de la\u00a0 <em>American Academy of Neurology <\/em>desde 1996,<em>\u00a0 <\/em><em>Felolw <\/em>de la AAN (FAAN) desde\u00a0 Miembro Activo corresponsal de la <em>American Epilepsy Society <\/em>desde 2005, <em>Fellow<\/em> de la AES (FAES) desde 2017.<\/li><li>Maestr\u00eda en Educaci\u00f3n M\u00e9dica basada en competencias, Univ. Westhill, Agosto 2015.<\/li><li>Diplomado en Administraci\u00f3n de Hospitales. Abril-septiembre 2017. UNAM<\/li><li>Fundadora y Presidenta del Grupo \u201cAceptaci\u00f3n\u201d de Epilepsia (Cap\u00edtulo Mexicano del IBE) desde 1991. Presidenta del Comit\u00e9 Latinoamericano del Bur\u00f3 Internacional para la Epilepsia (IBE) 2005-2013. Vicepresidenta por Latinoam\u00e9rica del Comit\u00e9 Ejecutivo Internacional del IBE 2013-2017. Premio Embajadora por la Epilepsia otorgado por el IBE y la ILAE (Liga Internacional contra la Epilepsia) en 2009.<\/li><li>Presidenta de la Sociedad Mexicana de Neurolog\u00eda y Psiquiatr\u00eda (SMNP) 2017-2018.<\/li><li>Editora en jefe de la Revista Neurolog\u00eda, Neurocirug\u00eda, Psiquiatr\u00eda, de la SMNP<\/li><\/ul>\t\t\t\t\t\t<\/div>\n\t\t\t\t<\/div>\n\t\t\t\t<div class=\"elementor-element elementor-element-f31f103 elementor-widget-divider--view-line elementor-widget elementor-widget-divider\" data-id=\"f31f103\" data-element_type=\"widget\" data-widget_type=\"divider.default\">\n\t\t\t\t<div class=\"elementor-widget-container\">\n\t\t\t\t\t<div class=\"elementor-divider\">\n\t\t\t<span class=\"elementor-divider-separator\">\n\t\t\t\t\t\t<\/span>\n\t\t<\/div>\n\t\t\t\t<\/div>\n\t\t\t\t<\/div>\n\t\t\t\t<div class=\"elementor-element elementor-element-eb8839e elementor-widget elementor-widget-text-editor\" data-id=\"eb8839e\" data-element_type=\"widget\" data-widget_type=\"text-editor.default\">\n\t\t\t\t<div class=\"elementor-widget-container\">\n\t\t\t\t\t\t\t<p style=\"text-align: center;\"><span style=\"text-align: center;\">GRUPO \u201cACEPTACI\u00d3N\u201d DE EPILEPSIA (GADEP) SESIONES INFORMATIVAS SOBRE EPILEPSIA<\/span><br style=\"text-align: center;\" \/><span style=\"text-align: center;\">PROGRAMA 2026<\/span><br \/><strong>S\u00e1bado 7 de febrero de 2026 de 9:00 a 13:30 hrs.<br \/><\/strong><\/p><p style=\"text-align: center;\">Presencial: Auditorio del Hospital 20 de Noviembre. Acceso por la entrada de F\u00e9lix Cuevas.<br \/>Piden identificaci\u00f3n oficial para registrarse en la entrada. <br \/>Transmisi\u00f3n remota:<br \/><strong><br \/>Facebook<\/strong><\/p><p style=\"text-align: center;\"><em><strong>Atenci\u00f3n integral de la epilepsia<\/strong><\/em><\/p><p style=\"text-align: left;\"><em><strong>\u00a0 \u00a0 \u00a0 \u00a0 \u00a0 9:00 Bienvenida e introducci\u00f3n Dra. Lilia N\u00fa\u00f1ez Orozco <br \/>\u00a0 \u00a0 \u00a0 \u00a0 \u00a0 9:30 Atenci\u00f3n m\u00e9dica de la epilepsia Dr. Marco A. Alvarado Garc\u00eda <br \/>\u00a0 \u00a0 \u00a0 \u00a0 \u00a0 10:00 Reacciones ante el diagn\u00f3stico Psic. Javier Alonso V\u00e1zquez <br \/>\u00a0 \u00a0 \u00a0 \u00a0 \u00a0 10:30 Familia y epilepsia Lic. Claudia G\u00f3mez Arvizu <br \/>\u00a0 \u00a0 \u00a0 \u00a0 \u00a0 11:00 Preguntas y respuestas <br \/>\u00a0 \u00a0 \u00a0 \u00a0 \u00a0 11:30 Educaci\u00f3n y epilepsia Dra.. Luz Elena Reyes Calder\u00f3n <br \/>\u00a0 \u00a0 \u00a0 \u00a0 \u00a0 12:00 Un lugar en la sociedad Dr. Luis Daniel Zamora Su\u00e1rez <br \/>\u00a0 \u00a0 \u00a0 \u00a0 \u00a0 12:30 Derechos humanos y epilepsia Lic. Angel Zaraz\u00faa Mart\u00ednez <br \/>\u00a0 \u00a0 \u00a0 \u00a0 \u00a0 13:00 Preguntas y respuestas <br \/>\u00a0 \u00a0 \u00a0 \u00a0 \u00a0 13:30 Clausura<\/strong><\/em><\/p><p style=\"text-align: center;\"><b><b style=\"font-style: inherit;\"><a href=\"http:\/\/www.epilepsiahoy.com\/site\/wp-content\/uploads\/2026\/01\/Programa-GADEP-2026.pdf\" target=\"_blank\" rel=\"noopener\">PROGRAMA ANUAL<\/a><\/b><br \/><\/b><\/p><p style=\"text-align: center;\"><a href=\"https:\/\/www.facebook.com\/groups\/155485750628\/\" target=\"_blank\" rel=\"noopener\"><span style=\"text-align: center;\">Clic aqu\u00ed para ir a FACEBOOK LIVE<\/span><\/a><\/p><p style=\"text-align: center;\"><a href=\"https:\/\/forms.cloud.microsoft\/Pages\/ShareFormPage.aspx?id=yZMEgSHCJEa8YyUrlWkPOaDqV0NOEgpPuSJ_j0XFIGNUQ1dMMVI3TzVMTk82NFpVUlU0WU5WM0NHTy4u&amp;sharetoken=r2XwqKZSY9vCaqTbbcC2\" target=\"_blank\" rel=\"noopener\">Registro y Programa virtual<\/a><\/p>\t\t\t\t\t\t<\/div>\n\t\t\t\t<\/div>\n\t\t\t\t<div class=\"elementor-element elementor-element-d863abf elementor-shape-rounded elementor-grid-0 e-grid-align-center elementor-widget elementor-widget-social-icons\" data-id=\"d863abf\" data-element_type=\"widget\" data-widget_type=\"social-icons.default\">\n\t\t\t\t<div class=\"elementor-widget-container\">\n\t\t\t\t\t<div class=\"elementor-social-icons-wrapper elementor-grid\">\n\t\t\t\t\t\t\t<span class=\"elementor-grid-item\">\n\t\t\t\t\t<a class=\"elementor-icon elementor-social-icon elementor-social-icon-facebook-f elementor-repeater-item-4abffef\" href=\"https:\/\/www.facebook.com\/groups\/155485750628\/\" target=\"_blank\">\n\t\t\t\t\t\t<span class=\"elementor-screen-only\">Facebook-f<\/span>\n\t\t\t\t\t\t<i class=\"fab fa-facebook-f\"><\/i>\t\t\t\t\t<\/a>\n\t\t\t\t<\/span>\n\t\t\t\t\t<\/div>\n\t\t\t\t<\/div>\n\t\t\t\t<\/div>\n\t\t\t\t<div class=\"elementor-element elementor-element-df5c97c elementor-shape-rounded elementor-grid-0 e-grid-align-center elementor-widget elementor-widget-social-icons\" data-id=\"df5c97c\" data-element_type=\"widget\" data-widget_type=\"social-icons.default\">\n\t\t\t\t<div class=\"elementor-widget-container\">\n\t\t\t\t\t<div class=\"elementor-social-icons-wrapper elementor-grid\">\n\t\t\t\t\t\t\t<span class=\"elementor-grid-item\">\n\t\t\t\t\t<a class=\"elementor-icon elementor-social-icon elementor-social-icon-youtube elementor-repeater-item-4abffef\" href=\"https:\/\/www.youtube.com\/@ensenanzacanal2622\/streams\" target=\"_blank\">\n\t\t\t\t\t\t<span class=\"elementor-screen-only\">Youtube<\/span>\n\t\t\t\t\t\t<i class=\"fab fa-youtube\"><\/i>\t\t\t\t\t<\/a>\n\t\t\t\t<\/span>\n\t\t\t\t\t<\/div>\n\t\t\t\t<\/div>\n\t\t\t\t<\/div>\n\t\t\t\t\t<\/div>\n\t\t<\/div>\n\t\t\t\t\t\t\t<\/div>\n\t\t<\/section>\n\t\t\t\t\t\t\t<\/div>\n\t\t","protected":false},"excerpt":{"rendered":"<p>\u00a1Cumplimos 30 a\u00f1os!Grupo Aceptaci\u00f3n de Epilepsia Cap\u00edtulo Mexicano del IBE Agradecemos a las numerosas personas que han colaborado voluntaria y desinteresadamente con GADEP durante sus 30 a\u00f1os de existencia, sin cuya participaci\u00f3n no habr\u00eda sido posible llegar a este Aniversario. Les invitamos a conocer nuestra historia, las actividades realizadas a lo largo de estos a\u00f1os &hellip;<\/p>\n<p class=\"read-more\"> <a class=\"\" href=\"http:\/\/www.epilepsiahoy.com\/site\/\"> <span class=\"screen-reader-text\">Portada<\/span> Leer m\u00e1s &raquo;<\/a><\/p>\n","protected":false},"author":1,"featured_media":0,"parent":0,"menu_order":0,"comment_status":"closed","ping_status":"closed","template":"","meta":[],"_links":{"self":[{"href":"http:\/\/www.epilepsiahoy.com\/site\/wp-json\/wp\/v2\/pages\/797"}],"collection":[{"href":"http:\/\/www.epilepsiahoy.com\/site\/wp-json\/wp\/v2\/pages"}],"about":[{"href":"http:\/\/www.epilepsiahoy.com\/site\/wp-json\/wp\/v2\/types\/page"}],"author":[{"embeddable":true,"href":"http:\/\/www.epilepsiahoy.com\/site\/wp-json\/wp\/v2\/users\/1"}],"replies":[{"embeddable":true,"href":"http:\/\/www.epilepsiahoy.com\/site\/wp-json\/wp\/v2\/comments?post=797"}],"version-history":[{"count":522,"href":"http:\/\/www.epilepsiahoy.com\/site\/wp-json\/wp\/v2\/pages\/797\/revisions"}],"predecessor-version":[{"id":1857,"href":"http:\/\/www.epilepsiahoy.com\/site\/wp-json\/wp\/v2\/pages\/797\/revisions\/1857"}],"wp:attachment":[{"href":"http:\/\/www.epilepsiahoy.com\/site\/wp-json\/wp\/v2\/media?parent=797"}],"curies":[{"name":"wp","href":"https:\/\/api.w.org\/{rel}","templated":true}]}}